{"id":83,"date":"2018-01-23T15:45:21","date_gmt":"2018-01-23T13:45:21","guid":{"rendered":"http:\/\/hausaerztinnenpraxis.de\/?page_id=83"},"modified":"2026-02-06T15:28:09","modified_gmt":"2026-02-06T13:28:09","slug":"praxisteam","status":"publish","type":"page","link":"https:\/\/hausaerztinnenpraxis.de\/?page_id=83","title":{"rendered":"Praxisteam"},"content":{"rendered":"\n<div class=\"wp-block-group\"><div class=\"wp-block-group__inner-container is-layout-flow wp-block-group-is-layout-flow\">\n<p><strong>Dr. med. Christiane Qualmann:\u00a0<\/strong>Fach\u00e4rztin f\u00fcr Innere Medizin \/ Diabetologie \/ Hom\u00f6opathie \/ Palliativmedizin<br \/><strong>Kyra Marx-Seidel<\/strong>:\u00a0Fach\u00e4rztin f\u00fcr Allgemeinmedizin \/ Rettungsmedizin \/ Hom\u00f6opathie<br \/><strong>Susanne Pilz<\/strong>: Fach\u00e4rztin f\u00fcr Innere Medizin \/ Diabetologie \/ Hom\u00f6opathie <br \/><strong>Christine Skusa:<\/strong> Fach\u00e4rztin f\u00fcr Allgemeinmedizin\u00a0 \u00a0 \u00a0 \u00a0 \u00a0 \u00a0 \u00a0 \u00a0 \u00a0 \u00a0 \u00a0 \u00a0 \u00a0 \u00a0 \u00a0 \u00a0 \u00a0 \u00a0 \u00a0 \u00a0 \u00a0 \u00a0 \u00a0 \u00a0 \u00a0 \u00a0 \u00a0 \u00a0 \u00a0 \u00a0 \u00a0 \u00a0 \u00a0 \u00a0 \u00a0 \u00a0 \u00a0 \u00a0 \u00a0 \u00a0 \u00a0 \u00a0 \u00a0 \u00a0 \u00a0 \u00a0 \u00a0 \u00a0 \u00a0<\/p>\n<\/div><\/div>\n\n\n\n<p><\/p>\n\n\n\n\n\n\n   ","protected":false},"excerpt":{"rendered":"<p>Dr. med. Christiane Qualmann:\u00a0Fach\u00e4rztin f\u00fcr Innere Medizin \/ Diabetologie \/ Hom\u00f6opathie \/ PalliativmedizinKyra Marx-Seidel:\u00a0Fach\u00e4rztin f\u00fcr Allgemeinmedizin \/ Rettungsmedizin \/ Hom\u00f6opathieSusanne Pilz: Fach\u00e4rztin f\u00fcr Innere Medizin \/ Diabetologie \/ Hom\u00f6opathie Christine Skusa: Fach\u00e4rztin f\u00fcr Allgemeinmedizin\u00a0 \u00a0 \u00a0 \u00a0 \u00a0 \u00a0 \u00a0 \u00a0 \u00a0 \u00a0 \u00a0 \u00a0 \u00a0 \u00a0 \u00a0 \u00a0 \u00a0 \u00a0 \u00a0 \u00a0 \u00a0 \u00a0 [&hellip;]<\/p>\n","protected":false},"author":2,"featured_media":0,"parent":0,"menu_order":2,"comment_status":"closed","ping_status":"closed","template":"","meta":{"footnotes":""},"class_list":["post-83","page","type-page","status-publish","hentry"],"_links":{"self":[{"href":"https:\/\/hausaerztinnenpraxis.de\/index.php?rest_route=\/wp\/v2\/pages\/83","targetHints":{"allow":["GET"]}}],"collection":[{"href":"https:\/\/hausaerztinnenpraxis.de\/index.php?rest_route=\/wp\/v2\/pages"}],"about":[{"href":"https:\/\/hausaerztinnenpraxis.de\/index.php?rest_route=\/wp\/v2\/types\/page"}],"author":[{"embeddable":true,"href":"https:\/\/hausaerztinnenpraxis.de\/index.php?rest_route=\/wp\/v2\/users\/2"}],"replies":[{"embeddable":true,"href":"https:\/\/hausaerztinnenpraxis.de\/index.php?rest_route=%2Fwp%2Fv2%2Fcomments&post=83"}],"version-history":[{"count":20,"href":"https:\/\/hausaerztinnenpraxis.de\/index.php?rest_route=\/wp\/v2\/pages\/83\/revisions"}],"predecessor-version":[{"id":714,"href":"https:\/\/hausaerztinnenpraxis.de\/index.php?rest_route=\/wp\/v2\/pages\/83\/revisions\/714"}],"wp:attachment":[{"href":"https:\/\/hausaerztinnenpraxis.de\/index.php?rest_route=%2Fwp%2Fv2%2Fmedia&parent=83"}],"curies":[{"name":"wp","href":"https:\/\/api.w.org\/{rel}","templated":true}]}}