{"id":61,"date":"2017-03-07T15:04:01","date_gmt":"2017-03-07T13:04:01","guid":{"rendered":"http:\/\/hausaerztinnenpraxis.de\/?page_id=61"},"modified":"2017-03-07T15:13:32","modified_gmt":"2017-03-07T13:13:32","slug":"rezept-telefon","status":"publish","type":"page","link":"https:\/\/hausaerztinnenpraxis.de\/?page_id=61","title":{"rendered":"Rezept-Telefon"},"content":{"rendered":"<p><span style=\"color: #ff6600; font-size: 14pt;\"><strong>NEU\u00a0 Rezept-Telefon\u00a0\u00a0\u00a0 <\/strong><strong>04261 &#8211; 96 37 810<\/strong><\/span><\/p>\n<p><span style=\"color: #000000; font-size: 12pt;\">Ab sofort bitten wir Sie, Ihre <strong>Dauerrezepte <\/strong>und geplanten <strong>\u00dcberweisungen <\/strong>\u00fcber unser<br \/>\nRezept-Telefon zu bestellen! Sie haben die M\u00f6glichkeit, Ihre Bestellung jederzeit auch au\u00dferhalb<br \/>\nder \u00d6ffnungszeiten auf den <strong>Anrufbeantworter<\/strong> zu sprechen.<\/span><\/p>\n<p><span style=\"color: #000000; font-size: 12pt;\">Durch dieses Rezept-Telefon m\u00f6chten wir unsere Erreichbarkeit f\u00fcr Sie verbessern.<br \/>\nUnsere Haupttelefonleitung wird dadurch merklich entlastet, so dass wir Ihre dringenden<br \/>\nTelefonate besser entgegennehmen k\u00f6nnen.<\/span><\/p>\n   ","protected":false},"excerpt":{"rendered":"<p>NEU\u00a0 Rezept-Telefon\u00a0\u00a0\u00a0 04261 &#8211; 96 37 810 Ab sofort bitten wir Sie, Ihre Dauerrezepte und geplanten \u00dcberweisungen \u00fcber unser Rezept-Telefon zu bestellen! Sie haben die M\u00f6glichkeit, Ihre Bestellung jederzeit auch au\u00dferhalb der \u00d6ffnungszeiten auf den Anrufbeantworter zu sprechen. Durch dieses Rezept-Telefon m\u00f6chten wir unsere Erreichbarkeit f\u00fcr Sie verbessern. Unsere Haupttelefonleitung wird dadurch merklich entlastet, so [&hellip;]<\/p>\n","protected":false},"author":1,"featured_media":0,"parent":0,"menu_order":2,"comment_status":"closed","ping_status":"closed","template":"","meta":{"footnotes":""},"class_list":["post-61","page","type-page","status-publish","hentry"],"_links":{"self":[{"href":"https:\/\/hausaerztinnenpraxis.de\/index.php?rest_route=\/wp\/v2\/pages\/61","targetHints":{"allow":["GET"]}}],"collection":[{"href":"https:\/\/hausaerztinnenpraxis.de\/index.php?rest_route=\/wp\/v2\/pages"}],"about":[{"href":"https:\/\/hausaerztinnenpraxis.de\/index.php?rest_route=\/wp\/v2\/types\/page"}],"author":[{"embeddable":true,"href":"https:\/\/hausaerztinnenpraxis.de\/index.php?rest_route=\/wp\/v2\/users\/1"}],"replies":[{"embeddable":true,"href":"https:\/\/hausaerztinnenpraxis.de\/index.php?rest_route=%2Fwp%2Fv2%2Fcomments&post=61"}],"version-history":[{"count":4,"href":"https:\/\/hausaerztinnenpraxis.de\/index.php?rest_route=\/wp\/v2\/pages\/61\/revisions"}],"predecessor-version":[{"id":66,"href":"https:\/\/hausaerztinnenpraxis.de\/index.php?rest_route=\/wp\/v2\/pages\/61\/revisions\/66"}],"wp:attachment":[{"href":"https:\/\/hausaerztinnenpraxis.de\/index.php?rest_route=%2Fwp%2Fv2%2Fmedia&parent=61"}],"curies":[{"name":"wp","href":"https:\/\/api.w.org\/{rel}","templated":true}]}}